*r - 6. Let y(a) = 7*a**2 + 3*a + 3. Let g(q) = 6*h(q) + 11*y(q). Let n = -6 + 11. Suppose -3*m - 2*i = 4, 1 = -n*i + 6. What is g(m)?
-1
Let f(y) = -4*y. Let h(r) = -r - 1. Let u(v) = f(v) - 3*h(v). Suppose -2*m + 3*l = m, m - 3*l + 10 = 0. Give u(m).
-2
Suppose 6*g + 26 = -5*v + 3*g, -g = v + 6. Let n(q) be the first derivative of -q**3/3 - 2*q**2 + 5*q + 12. Calculate n(v).
5
Let v(a) be the second derivative of a**3/6 - 33*a. Let f(d) = -d - 1. Let n be f(-6). Suppose n*m + 12 = m. Give v(m).
-3
Let r = -2 - -8. Let b = -5 + r. Let i(u) = u - 1. Let y(z) = 2*z**3 - 4*z**2 + 8*z - 5. Let s(t) = b*y(t) - 6*i(t). Determine s(2).
5
Let n(r) = r**3 - r - 9. Suppose -4*a - 12 = -7*a. Let l(b) = b**2 - 4*b. Let k be l(a). Give n(k).
-9
Let r(d) = -2*d + 10. Let z be r(7). Let v(a) = -7*a - 9*a**2 - 5 - 1 + 8*a**2 + 0. What is v(z)?
6
Let w(q) = q**2 - 3*q + 1. Let s be 6/21 + 66/14. Suppose 14 = s*f + 4. Suppose 2*c + 0 = f. What is w(c)?
-1
Let c(v) be the second derivative of v**4/6 + v**3/3 + v**2 + 11*v. Determine c(-3).
14
Let u(d) be the third derivative of d**5/60 + d**4/8 - 2*d**3/3 - d**2. Suppose c - 2 = -4*h, 4*c - 15 - 11 = 2*h. Suppose 2*s - 20 = c*s. Calculate u(s).
6
Let b(z) be the second derivative of -z**3/3 + 5*z**2/2 + 12*z. Determine b(6).
-7
Let d(n) = n**3 - 4*n**2 + n + 3. Suppose 3*h - 4*z = -3, -4*h + 3*z + 0 = 4. Let f be h/2 - (-20)/8. Let t(r) = r + 1. Let c be t(f). Calculate d(c).
-3
Let p = 1 + -1. Suppose 4*o + 0 - 4 = p. Let h(a) = -a + o + 1 + 3. Calculate h(0).
5
Let d(g) = -g**2 - 3 + 8*g + 6 - 2*g - 12*g. Determine d(-7).
-4
Suppose 2*f - 7 - 1 = -2*m, -2*f + 8 = -m. Let c(j) = 2 + f*j - 1 + 3*j. Determine c(-2).
-13
Let i(y) = -2*y**3 - 4*y - 7*y**2 + 6 + y - y + 4*y**2. Let d(f) = -3*f**3 - 7*f**2 - 7*f + 11. Let o(j) = 3*d(j) - 5*i(j). Calculate o(6).
-3
Let u(g) = -g**3 - 5*g**2 - 3*g + 1. Let p be u(-4). Let o = 13 + p. Let t be (-2)/(-5) - 24/o. Let n(r) = -2*r - 1. Determine n(t).
3
Let w(i) be the first derivative of i**4/4 - 2*i**3 - i**2/2 + 2*i - 15. What is w(6)?
-4
Let a(l) = 4*l - 8. Let c(u) = -3*u + 8. Let h(o) = 2*a(o) + 3*c(o). Let t = -1 + 1. Let j = 0 - t. Calculate h(j).
8
Let f(h) = 1 - 5 + 7*h + 2 + h**2. Let n be f(-8). Suppose -5*x + n = -7*x. Let b(y) = y**2 + 2*y - 4. Give b(x).
-1
Let s(o) = 0*o**2 + 5*o**3 + 9*o**2 + 2*o - o**3 - 5*o**2 - 1. Give s(-2).
-21
Let b(w) = -w**3 + 5*w**2 + 9*w - 8. Suppose 0 = u - 2*u + 2, -4*o = 2*u - 28. Determine b(o).
10
Let v(j) be the first derivative of j**3/3 - 11*j**2/2 + 4*j + 13. What is v(10)?
-6
Let v = -20 - -17. Let n(f) = -f - 1. Let o be n(-3). Let m(t) = 1 - t**2 + o - 3*t + 1 - 1. Calculate m(v).
3
Let c(a) be the second derivative of a**2 + 0 + 7*a - 1/6*a**4 + 1/20*a**5 + 1/3*a**3. Give c(2).
6
Let b = -5 - -10. Let f(g) = -g**3 + b*g**2 - g - 2*g + 0*g - 4. What is f(3)?
5
Let j(r) = r + 0*r + 1 + r + 1. Let x(s) = s**2 - 8*s + 5. Let f be x(8). What is j(f)?
12
Let m(p) be the second derivative of 5*p**3/3 - p**2/2 + 7*p. Determine m(1).
9
Let t(x) be the first derivative of 1/2*x**2 - 3 - 2*x. Let o(b) = -b**3 - b**2 - b - 1. Let h be o(-1). Determine t(h).
-2
Let t(j) = 7*j**3 - j**2 + 7*j - 3. Let y(u) = 4*u**3 - u**2 + 4*u - 2. Let k be (-7)/3 + (-2)/3. Let r = -8 - k. Let w(n) = r*y(n) + 3*t(n). Give w(-1).
1
Suppose 4*f = -5*i + 20, f - 3*i = -i + 5. Let h(x) be the first derivative of -x**3/3 + 5*x**2/2 - 6*x - 1. Give h(f).
-6
Let s(q) = -q**2 + 7*q - 6. Let r be (9/9)/(1/3). Let f be (0 - 1)*r - -8. Determine s(f).
4
Suppose -14 = 5*j - 2*v - 2*v, 0 = 2*j - v + 8. Let m = j - 0. Let y(r) = 3 - 2*r**2 - 9 - r**3 - 4*r**2. Calculate y(m).
-6
Let n(a) = a**2 - 4*a - 3. Let k = 5 + -3. Let o(z) = -z**2 + 4 - k + 1 - 1 + 3*z. Let y(c) = 3*n(c) + 4*o(c). Determine y(-1).
-2
Let i(s) = -s**2 - 13*s + 12. Let d be i(-13). Suppose 5*k - d = -j, 3*j - 6 = k - 6*k. Let r(v) = -v**2 + 2*v + 1. What is r(k)?
-2
Let f be (-1 - (0 + -9)) + 3. Let p(y) = f*y + 0 + 0. What is p(-1)?
-11
Let i(l) be the first derivative of l**3/3 + l**2 - 3*l + 1. Suppose -4*h = -k + 93, -12 = 2*h + 4*k + 12. Let g = h - -18. Determine i(g).
5
Let i(n) be the third derivative of -n**5/30 + n**4/12 + 2*n**3/3 + 2*n**2. Let l(o) be the first derivative of i(o). Let h be 10/(-4)*(-12)/15. What is l(h)?
-6
Let a(g) be the third derivative of -g**4/24 + 3*g**3/2 + 5*g**2. What is a(5)?
4
Let m(h) = -h**2 + 5*h + 1. Let p be 12/54 - 25/(-9). Suppose p*a = a - 2*y + 12, -3*y + 3 = 0. What is m(a)?
1
Let u(j) = j**3 - j**2 - 2*j + 2. Let x be ((-4)/(-4) - -3) + -2. Calculate u(x).
2
Let r(x) = -3*x + 22. Let b be r(9). Let g(w) be the second derivative of -w**4/12 - 2*w**3/3 + w. Calculate g(b).
-5
Let k be -1 - (-1 + (1 - -3)). Let f(r) = r**2 + 4*r + 3. Determine f(k).
3
Let m(f) = 2*f**2 + f - 2. Let i(p) = -p**2 - p + 1. Let k(l) = -3*i(l) - 2*m(l). Let o(x) = -x**2 + 6*x - 5. Suppose 16 = 3*g + 4. Let n be o(g). What is k(n)?
-5
Suppose 0 = -5*c + u + 20, -20 = 5*c - 10*c - 4*u. Let t(h) = 3*h**2 - 6*h + 2. Calculate t(c).
26
Let r(f) = -f - 1. Let k = -26 - -26. Give r(k).
-1
Let u(d) = 3*d + 6*d - 2*d**2 - 5*d + 3 + d. What is u(4)?
-9
Suppose -5 = 2*n - 4*t + 1, n = -t + 6. Suppose -2*y - 1 - n = -2*z, 2*z = 4*y + 2. Let s(a) = -2*a + 3. What is s(z)?
-3
Let c(z) = -z**3 + 4*z**2 + z - 1. Let i be -7*(-7)/(147/18). Let x be 26/i - (-6)/(-18). Let p = 0 + x. Calculate c(p).
3
Let c(a) = -a**3 - 3*a**2 + a + 3. Let k(h) = -h**3 + h**2 + 1. Let d = 6 - 1. Suppose -2*x - 1 = -d. Let j be k(x). Determine c(j).
0
Let k(b) = b**2 - b. Let m(j) = j. Let y(h) = -9*h + 11. Let a(r) = -4*m(r) - y(r). Let d be a(11). Let z be (-8)/d + 2/11. Determine k(z).
0
Let m(p) = -2*p**3 - 10*p**2 + 5*p + 5. Let f(c) = 3*c**3 + 19*c**2 - 10*c - 11. Let w(j) = -3*f(j) - 5*m(j). Calculate w(6).
2
Let y be 10/8*(-4)/(-10). Let j(x) be the third derivative of 0 + 1/12*x**4 + y*x**3 + 1/60*x**5 + 0*x + x**2. Give j(-3).
6
Suppose -5*x + x = 28. Let u(c) be the second derivative of c**4/12 + 4*c**3/3 + 8*c. What is u(x)?
-7
Suppose 3*h - 4*o - 24 = -h, 2*h + 18 = -4*o. Let b(f) = 8*f**3 + 2*f**2 - f. Calculate b(h).
9
Suppose 12 = z + 3*z. Suppose 0 = z*b + 3*f - 15, 4*f - 6 - 5 = -b. Let t(h) = 3 + 5*h**2 + h**3 - b - 6. What is t(-5)?
-6
Let h(k) = k + 9. Let b(r) = -3*r**3 - 3*r**2 + 3*r - 3. Let d be b(2). Let s(j) = -j**3 + j**2 - 6. Let n be s(0). Let y be (-57)/11 + n/d. Determine h(y).
4
Let s(k) = 3*k - 3. Suppose -g + 7 - 1 = -o, -5*o = g - 6. Suppose 0 = -j + 4*j - g. Calculate s(j).
3
Suppose -8*n - 2 = -9*n. Let r(h) = 4*h**2 - 2. What is r(n)?
14
Let p be 1/1*-3 + -2. Let g(y) = y + 2. Calculate g(p).
-3
Let k be 3/12 + (-25)/4. Let n = k - -10. Let r(f) = 5*f + f**2 - n - 2 + 5. Determine r(-4).
-5
Let f be -1 + -4 + -2 + 2. Let n = f + 9. Let s(j) = -2*j + 2. Let l(q) = 6*q - 7. Let a(z) = -3*l(z) - 8*s(z). Determine a(n).
-3
Suppose -2 = 3*f - 4*f. Let u(x) = 0 + x**2 + 0*x**2 - 6 - 3*x + x**3 + 4*x**f. Determine u(-5).
9
Let p(b) be the third derivative of b**5/60 - b**4/24 + b**3/3 - 7*b**2. What is p(0)?
2
Suppose -5*j - 23 + 0 = 3*x, 0 = -2*x + 3*j - 9. Let o be 4/x + 17/3. Let w(a) = 3*a - 5. Give w(o).
10
Let w(z) be the third derivative of z**6/120 + z**5/5 + 5*z**4/12 - z**3 - 13*z**2. Calculate w(-11).
5
Let d(c) = -1. Let y(m) be the third derivative of -m**4/24 + m**3/2 + 3*m**2. Let o(f) = 4*d(f) + y(f). What is o(5)?
-6
Let h(u) = -1 - u + u - 2*u. Let o be (5 + 1)/(5 - 3). Calculate h(o).
-7
Let x be (-1)/2*20/(-10). Let u(f) = -6*f. Determine u(x).
-6
Suppose -2*j = -h - 6, -2*h = 2*h - 2*j. Let z(g) = g**2 + 6*g + 1 + g**2 + 0*g**h. Give z(-4).
9
Let d(i) = 5*i + 8. Let s(a) = -a + 1. Let c(o) = 12*o. Let f(m) = c(m) + 8*s(m). Let x(n) = 3*d(n) - 4*f(n). Calculate x(-4).
-4
Suppose -8*c + 12*c - 32 = 0. Let a(q) = -2*q + 1. Give a(c).
-15
Let q(g) be the second derivative of -g**7/2520 - g**6/180 + g**5/40 - g**4/2 - 4*g. Let m(z) be the third derivative of q(z). Determine m(-5).
-2
Let v(u) = u**2 - 4 - 3*u + 0*u + 8*u. Suppose 4*f + 12 + 28 = 0. Let r be (-1 + 0)/((-2)/f). What is v(r)?
-4
Let w(k) = k + 20. Let u(p) = -p**2 + 20*p - 19. Let q be u(19). Give w(q).
20
Suppose 2*a = -0 + 6. Suppose b = -4*n + 15 - 1, -a*n + 15 = 3*b. Suppose -m -